{"id":49,"date":"2026-02-27T20:18:13","date_gmt":"2026-02-27T20:18:13","guid":{"rendered":"https:\/\/owadow.pl\/?page_id=49"},"modified":"2026-03-02T14:03:16","modified_gmt":"2026-03-02T14:03:16","slug":"kontakt","status":"publish","type":"page","link":"https:\/\/owadow.pl\/?page_id=49","title":{"rendered":"Kontakt"},"content":{"rendered":"<p>Stowarzyszenie &#8222;Owad\u00f3w &#8211; Wie\u015b z Przysz\u0142o\u015bci\u0105&#8221;<\/p>\n<p>Owad\u00f3w 130<\/p>\n<p>26-631 Jastrz\u0119bia<\/p>\n<p>&nbsp;<\/p>\n<p>REGON: 140218199<\/p>\n<p>NIP: 796-26-90-141<\/p>\n<p>&nbsp;<\/p>\n<p>Stowarzyszenie jest organizacj\u0105 dzia\u0142aj\u0105c\u0105 spo\u0142ecznie.<\/p>\n<p>&nbsp;<\/p>\n<p>tel.: +48 573 163 773<\/p>\n<p>e-mail: sekretariat@nspowadow.pl<\/p>\n","protected":false},"excerpt":{"rendered":"<p>Stowarzyszenie &#8222;Owad\u00f3w &#8211; Wie\u015b z Przysz\u0142o\u015bci\u0105&#8221; Owad\u00f3w 130 26-631 Jastrz\u0119bia &nbsp; REGON: 140218199 NIP: 796-26-90-141 &nbsp; Stowarzyszenie jest organizacj\u0105 dzia\u0142aj\u0105c\u0105 spo\u0142ecznie. &nbsp; tel.: +48 573 163 773 e-mail: sekretariat@nspowadow.pl<\/p>\n<p class=\"continue-reading-button\"> <a class=\"continue-reading-link\" href=\"https:\/\/owadow.pl\/?page_id=49\">Czytaj wi\u0119cej<i class=\"crycon-right-dir\"><\/i><\/a><\/p>\n","protected":false},"author":1,"featured_media":0,"parent":0,"menu_order":0,"comment_status":"closed","ping_status":"closed","template":"","meta":{"footnotes":""},"class_list":["post-49","page","type-page","status-publish","hentry"],"_links":{"self":[{"href":"https:\/\/owadow.pl\/index.php?rest_route=\/wp\/v2\/pages\/49","targetHints":{"allow":["GET"]}}],"collection":[{"href":"https:\/\/owadow.pl\/index.php?rest_route=\/wp\/v2\/pages"}],"about":[{"href":"https:\/\/owadow.pl\/index.php?rest_route=\/wp\/v2\/types\/page"}],"author":[{"embeddable":true,"href":"https:\/\/owadow.pl\/index.php?rest_route=\/wp\/v2\/users\/1"}],"replies":[{"embeddable":true,"href":"https:\/\/owadow.pl\/index.php?rest_route=%2Fwp%2Fv2%2Fcomments&post=49"}],"version-history":[{"count":3,"href":"https:\/\/owadow.pl\/index.php?rest_route=\/wp\/v2\/pages\/49\/revisions"}],"predecessor-version":[{"id":77,"href":"https:\/\/owadow.pl\/index.php?rest_route=\/wp\/v2\/pages\/49\/revisions\/77"}],"wp:attachment":[{"href":"https:\/\/owadow.pl\/index.php?rest_route=%2Fwp%2Fv2%2Fmedia&parent=49"}],"curies":[{"name":"wp","href":"https:\/\/api.w.org\/{rel}","templated":true}]}}